
-2
Let v(l) = -l**2 - 7*l + 1105. Calculate v(30).
-5
Let h(v) = -v**3 + 8*v**2 - 52*v + 191. Give h(4).
47
Let f(w) = 94*w**2 + 62*w - 62. What is f(1)?
94
Let n(w) = w**3 - 11*w**2 + 199*w - 1203. Determine n(7).
-6
Let c(w) = -127*w + 755. Give c(6).
-7
Let z(m) = -2*m**3 + 79*m**2 + 115*m + 334. Give z(41).
6
Let x(d) = 12*d - 152. Calculate x(13).
4
Let r(h) = 4*h - 390. What is r(39)?
-234
Let l(s) = -52*s - 372. Calculate l(-5).
-112
Let f(q) = 19*q**2 - 47*q - 293. Determine f(-5).
417
Let y(r) = 25*r + 1050. Determine y(-66).
-600
Let n(k) = -165*k + 1811. Calculate n(11).
-4
Let x(r) = -3*r**2 - 297*r + 3272. Determine x(-109).
2
Let o(v) = 2*v**2 - 137*v + 132. Give o(68).
64
Let y(d) = 5*d**2 + 85*d + 79. Calculate y(-16).
-1
Let y(r) = -r**3 - 2*r**2 + 25*r - 52. Calculate y(4).
-48
Let y(d) = -26*d - 716. What is y(-28)?
12
Let u(o) = -83*o - 12392. Determine u(-149).
-25
Let k(t) = 490*t + 3450. Determine k(-7).
20
Let d(m) = -3*m**2 - 3151*m - 6302. Calculate d(-2).
-12
Let r(m) = m**2 - 46*m - 1237. What is r(-19)?
-2
Let n(s) = -2*s**3 + 63*s**2 + 31*s + 36. Determine n(32).
4
Let b(s) = -97*s - 7183. Give b(-74).
-5
Let w(f) = 24*f - 713. Determine w(22).
-185
Let i(v) = -3*v**2 + 185*v + 1090. What is i(67)?
18
Let q(n) = -n**3 + 9*n**2 + 56*n - 46. Give q(13).
6
Let g(b) = 31*b**2 - 928*b - 47. Give g(30).
13
Let v(h) = 64*h + 2561. Give v(-40).
1
Let w(y) = -3*y - 121. What is w(13)?
-160
Let h(g) = -88*g - 34. Give h(1).
-122
Let r(l) = 8*l**2 + 23*l - 66. Give r(3).
75
Let o(k) = -2*k**3 + k**2 - 35*k - 11. Determine o(0).
-11
Let t(m) = 225*m - 222. What is t(1)?
3
Let y(m) = 22*m + 709. Calculate y(-53).
-457
Let y(c) = -274*c + 1915. Calculate y(7).
-3
Let s(h) = -27*h + 1896. Calculate s(70).
6
Let q(h) = 20*h**2 - 1437*h - 43. Determine q(72).
173
Let u(q) = 138*q**2 - 568*q + 66. Determine u(4).
2
Let v(j) = -294*j + 2304. Determine v(8).
-48
Let j(s) = -417*s + 2500. Calculate j(6).
-2
Let k(j) = 304*j**2 + 3649*j + 11. Determine k(-12).
-1
Let c(n) = -32*n + 10. Determine c(14).
-438
Let z(l) = -129*l**2 - 11*l - 7. What is z(-1)?
-125
Let x(n) = 24*n**3 - n**2 + 6*n - 6. What is x(2)?
194
Let l(c) = -7*c**3 + 148*c**2 - 14*c - 172. Calculate l(21).
-25
Let g(f) = -f**3 + 71*f**2 + 995*f + 88. Determine g(83).
5
Let f(s) = -328*s - 2899. Calculate f(-9).
53
Let k(v) = -96*v + 196. Give k(2).
4
Let q(i) = 18893*i + 37778. Calculate q(-2).
-8
Let l(s) = -32*s + 833. Determine l(22).
129
Let a(d) = 10*d**2 - 769*d - 74. Give a(77).
3
Let t(k) = 10*k**3 - 392*k**2 + 82*k - 155. Calculate t(39).
1
Let i(a) = 90*a - 3234. Calculate i(36).
6
Let k(c) = c**3 - 34*c**2 + 169*c - 23. Give k(28).
5
Let f(r) = -18*r + 72. Give f(12).
-144
Let m(h) = h**3 + 72*h**2 + 935*h + 7. Determine m(-17).
7
Let x(u) = -37*u - 540. What is x(-24)?
348
Let r(o) = 19*o**2 - 150*o + 234. Calculate r(2).
10
Let t(l) = l**2 - l - 114. What is t(8)?
-58
Let z(h) = -7*h**3 + 190*h**2 - 28*h - 32. What is z(27)?
-59
Let v(m) = -m**2 - 34*m + 58. Give v(-40).
-182
Let u(h) = -1636*h - 11454. What is u(-7)?
-2
Let a(d) = -d**3 - 46*d**2 + 40*d - 306. What is a(-47)?
23
Let m(d) = -3*d**2 + 189*d - 145. What is m(62)?
41
Let j(l) = -29*l**2 + 3. Calculate j(-2).
-113
Let i(u) = u**2 - 12*u - 62. Give i(10).
-82
Let f(v) = 17*v + 264. What is f(-14)?
26
Let d(m) = -2*m**3 + 62*m**2 + 131*m + 26. Determine d(33).
-7
Let b(j) = j**3 + 7*j**2 + 7*j - 4. What is b(-4)?
16
Let g(r) = 6520*r - 78236. What is g(12)?
4
Let h(d) = 7*d**2 - 126. Determine h(8).
322
Let h(m) = 5*m**2 - 307*m + 998. Calculate h(58).
12
Let r(q) = 449*q + 1811. Give r(-4).
15
Let g(j) = -j**3 - 10*j**2 - 20*j - 97. Calculate g(-9).
2
Let w(b) = 138*b - 681. Calculate w(5).
9
Let o(r) = r - 21. What is o(-23)?
-44
Let t(d) = 5*d**2 + 17*d + 22. Calculate t(-2).
8
Let v(i) = 4*i**3 + 259*i**2 - 69*i - 251. Calculate v(-65).
9
Let x(l) = 140*l**2 + 2242*l + 48. What is x(-16)?
16
Let v(g) = -30*g**2 + 271*g - 16. Calculate v(9).
-7
Let k(i) = 2*i**3 - 78*i**2 - 84*i - 11. Calculate k(40).
-171
Let s(q) = -q**3 + 9*q**2 + 531*q + 15. Calculate s(28).
-13
Let y(f) = -f**2 - 4*f - 8. What is y(-11)?
-85
Let o(q) = q**2 + 5*q - 16. Calculate o(-6).
-10
Let q(c) = -257*c - 44458. Calculate q(-173).
3
Let a(m) = 76*m**2 + 325*m + 76. Give a(-4).
-8
Let p(c) = -21*c**3 - 2*c**2 - 4*c - 3. Calculate p(-2).
165
Let u(f) = -6*f**3 + 47*f**2 + 63*f + 6. Calculate u(9).
6
Let s(y) = 10*y**2 - 2*y - 6. What is s(0)?
-6
Let a(b) = 296*b - 6. What is a(1)?
290
Let s(q) = 8*q**2 + 68*q + 75. Calculate s(-8).
43
Let r(w) = -w**2 - 139*w + 5635. Give r(33).
-41
Let q(v) = v**2 + 36*v + 14. What is q(-33)?
-85
Let v(r) = -r**2 - 10*r + 898. Calculate v(26).
-38
Let h(y) = -y**3 - 18*y**2 - 14*y - 95. Determine h(-7).
-536
Let j(g) = 32*g + 129. Determine j(4).
257
Let a(d) = -2*d**3 - 10*d**2 - 5*d - 16. Determine a(-7).
215
Let j(u) = 153*u + 13784. Give j(-90).
14
Let d(n) = 8*n**3 + 46*n**2 + 8*n - 1. Give d(-7).
-547
Let o(b) = 4*b**2 + 82*b + 380. Determine o(-5).
70
Let p(f) = -11*f**2 + 5*f + 3. Calculate p(2).
-31
Let h(v) = -v**3 - 6*v**2 + 3*v - 78. Give h(-8).
26
Let h(u) = -3*u + 78. Determine h(16).
30
Let s(g) = 12*g**2 + 76*g + 6. Give s(-6).
-18
Let n(j) = 2*j**3 + 3*j**2 - 23*j + 2. Calculate n(-6).
-184
Let i(d) = -156*d + 956. Give i(6).
20
Let p(s) = s**3 + 66*s**2 - 68*s - 74. Give p(-67).
-7
Let g(r) = r**3 - 9*r**2 - 11*r - 3. Determine g(-2).
-25
Let a(z) = 2*z**2 + 359*z - 714. Calculate a(2).
12
Let v(m) = -5727*m - 4. Give v(0).
-4
Let m(x) = -2*x**2 - 14*x + 49. Calculate m(-12).
-71
Let k(o) = 4*o**2 - 94*o + 173. Determine k(2).
1
Let h(j) = -j**2 - 24*j - 1. Determine h(-17).
118
Let t(m) = 11*m - 514. Give t(41).
-63
Let c(h) = -h**3 + 5*h**2 - 4*h - 12. Calculate c(4).
-12
Let w(i) = -523*i. Determine w(0).
0
Let u(a) = a**3 - 9*a**2 - 115*a + 38. Calculate u(16).
-10
Let x(z) = 3695*z - 70226. Determine x(19).
-21
Let g(j) = j**3 - 3*j**2 + j + 4. Determine g(4).
24
Let h(v) = -7*v**3 + 139*v**2 + 16*v + 61. Determine h(20).
-19
Let d(v) = v**3 + 34*v**2 - 192*v + 16. Calculate d(5).
31
Let r(p) = -1852*p + 1843. What is r(1)?
-9
Let o(r) = 4*r + 52. Calculate o(-8).
20
Let l(c) = 54*c**2 + 223*c + 154. Calculate l(-3).
-29
Let y(c) = 476*c + 45221. Determine y(-95).
1
Let t(r) = -26*r**2 + 11*r + 2. What is t(1)?
-13
Let c(y) = 2*y**2 + 283*y - 1279. Determine c(-146).
35
Let t(w) = 6*w**3 + 2*w**2 - 17*w + 24. Give t(3).
153
Let s(g) = -38*g + 51. Calculate s(-5).
241
Let f(w) = -1019*w - 3062. Give f(-3).
-5
Let w(u) = u**2 - 574*u - 80844. Give w(-117).
3
Let o(m) = 24*m + 770. What is o(-32)?
2
Let l(v) = -415*v - 2446. Give l(-6).
44
Let z(s) = s**3 - 98*s**2 - 182*s - 1789. Calculate z(100).
11
Let u(k) = 80*k + 10910. What is u(-137)?
-50
Let u(y) = 23*y**3 - 2*y**2 + 2*y + 3. Give u(-2).
-193
Let z(y) = -113*y + 3173. What is z(28)?
9
Let q(f) = -16*f**3 + 9*f**2 - 9*f + 1. Calculate q(1).
-15
Let o(w) = 2*w**2 + 225*w + 94. Calculate o(-112).
-18
Let d(v) = 267*v - 2056. Give d(7).
-187
Let h(i) = 51*i + 4564. What is h(-89)?
25
Let h(u) = 2*u**2 + 41*u + 59. Give h(-19).
2
Let l(u) = 134*u + 760. Determine l(-6).
-44
Let s(u) = -11*u**2 - 151*u + 9. Determine s(-15).
-201
Let w(s) = -s**2 + 205*s + 1896. Give w(-9).
-30
Let y(h) = 602*h - 4221. Calculate y(7).
-7
Let k(j) = 2*j**3 - 27*j**2 - 374*j + 82. What is k(22)?
82
Let d(t) = -t**3 - 14*t**2 + 205*t + 19. What is d(9)?
1
Let r(h) = 11*h**2 + 47*h + 25. Determine r(-3).
-17
Let j(x) = -3*x**2 - 12*x + 40. Calculate j(-10).
-140
Let o(m) = m**3 - 17*m**2 - 382*m - 234. What is o(30)?
6
Let i(x) = -6*x**3 + 2*x**2 - 61*x - 64. Give i(-1).
5
Let o(t) = t**3 + 28*t**2 + 164*t + 115. Determine o(-10).
275
Let f(n) = 87*n**2 - 9*n + 6. What is f(-1)?
102
Let g(k) = k**2 - 86*k + 1218. What is g(53)?
-531
Let l(a) = a**3 + 42*a**2 - 35*a + 32. Determine l(-43).
-312
Let o(t) = -523*t - 8378. Give o(-16).
-10
Let z(n) = -5*n + 325. What is z(28)?
185
Let w(n) = -518*n - 262. Determine w(-1).
256
Let d(p) = 605*p - 12061. What is d(20)?
39
Let v(o) = -o**3 - 46*o**2 + 11*o + 145. Calculate v(-46).
-361
Let x(k) = k**2 + 40*k - 893. Determine x(-56).
3
Let f(x) = -4*x**3 + 38*x**2 + 52*x - 326. Give f(